hen 449 is divided by g?
1
Suppose 19*s + 227 - 721 = 0. What is the remainder when 412 is divided by s?
22
Let y = -1601 + 1640. What is the remainder when y is divided by 23?
16
Suppose 0 = p - 357 + 119. Let i = p - 217. Calculate the remainder when 71 is divided by i.
8
Let c = -14 - -19. Suppose c*o = 2*k + 485, 2*k - 5 = k. What is the remainder when o is divided by (1 - 1) + (20 - 1) + -2?
14
Let g(i) = -i**3 + i**2 - 4*i - 4. Calculate the remainder when g(-3) is divided by ((-35)/((-175)/(-12)))/((-4)/15).
8
Calculate the remainder when 108 is divided by (2 - 1)*(-4)/4*-11.
9
Let t = -21 + 27. Suppose 3*x - 12 = 0, -3*p - 308 = -t*p - 5*x. What is the remainder when p is divided by 27?
15
Let l(t) = 3*t + 21. Let k be l(-7). Let j(v) = v**2 + v + 125. Let x be j(k). Suppose 6*i = i + x. Calculate the remainder when 96 is divided by i.
21
What is the remainder when (1/15 - (-34040)/150) + 8 is divided by 40?
35
Let o(k) = -2*k - 12. Let x be o(-12). Suppose -24*c = -22*c - x. Let y(t) = 5*t + 17. Calculate the remainder when 187 is divided by y(c).
46
Let v be (15/9)/((-1)/(-3)). Suppose 8 - 38 = -v*m. Suppose -4*r = 2*g - m, 13 + 32 = 5*g - 5*r. What is the remainder when g is divided by 2?
1
Let n(s) = -34*s + 1195. What is the remainder when 228 is divided by n(34)?
33
Let i(v) = -4*v + 8. Let c be i(11). Let t = c + 36. Calculate the remainder when 0 + -4 + t + 31 is divided by 15.
12
Let s(n) = -4*n - 3. Suppose 4*q = 5*j + 39, 0 = j - 2*q + 9. Let u = 95 - j. What is the remainder when u is divided by s(-4)?
11
Suppose m - 137 = 4*z, -4*m + 69 = 2*z - 533. Calculate the remainder when m is divided by 2.
1
Suppose 7*h - 1 = -1. Suppose 3*d + h*d + 10 = 5*o, -40 = -3*o - 5*d. Let x(y) = y**3 - 4*y**2 - 4*y - 3. Calculate the remainder when 2 is divided by x(o).
0
Let p = -14028 - -14530. Calculate the remainder when p is divided by 107.
74
Suppose -n + 10*r - 8*r = -133, -5*r = -4*n + 520. Calculate the remainder when 283 is divided by n.
33
Suppose 7*d - 25 = 2*d. Suppose -6222*i = -6701*i + 3353. What is the remainder when i is divided by d?
2
Suppose 4*z = 134 + 6. Calculate the remainder when (2 - z/(-3)) + (-19)/(-57) is divided by 14.
0
What is the remainder when 1033 is divided by (1/(-3))/((-26)/(-91494)*-17)?
67
Let r be 4/8 + (-15)/(-2). Suppose r = -3*a - 2*h, a + 2*h + h = -12. Suppose -17*j + 11*j + 222 = a. Calculate the remainder when j is divided by 20.
17
Suppose 246 = 5*l - 4*q - 112, -5*l + 2*q + 354 = 0. Let n be (-94)/8*12*(-1 - 0). Let g = 159 - n. What is the remainder when l is divided by g?
16
Let m(w) = w**3 + 2*w + 12. Let k = 1653 - 1631. What is the remainder when k is divided by m(0)?
10
What is the remainder when (((-728)/16)/7)/(1/(-178) - 0) is divided by 58?
55
Let t = -30 + 35. Suppose -3*a = 4*q - 28, 0*q + t*a - 8 = 3*q. What is the remainder when -4 + q/((-20)/(-155)) is divided by 5?
2
Let w(j) = -j**3 + j**2 + 3*j - 2. Let c = 44 - 46. Let k be w(c). Suppose -6*n + n - 3*p = -150, 20 = k*p. Calculate the remainder when 75 is divided by n.
21
Let i = -19986 - -20029. Calculate the remainder when 448 is divided by i.
18
Suppose -3*j + 5*s = -8, -4*j + 4*s = -5 - 11. What is the remainder when 803 is divided by j?
5
Let s(y) = y**3 + y**2 - y + 486. Calculate the remainder when s(0) is divided by (41 - 2) + 1792/(-448).
31
Let x(u) = 2*u**2 - 41*u - 9. Let p be x(21). Suppose -72 - 204 = -p*t. Calculate the remainder when t is divided by 3.
2
Suppose 0*d = -24*d - 75*d + 1881. Calculate the remainder when 125 is divided by d.
11
What is the remainder when (3 - (13 - 16 - -4)) + -1 + 1321 is divided by 62?
20
Suppose 12*f - 2462 = -9*f - 89. Calculate the remainder when f is divided by 91.
22
Suppose -94*k + 5202 - 1336 = -2526. Calculate the remainder when k is divided by 27.
14
Suppose 0 = 90*d + 1042 - 5452. What is the remainder when 118 is divided by d?
20
Let h = -14 - -65. Let x = 56 - h. Suppose 0 = x*g - 3*g - 18. Calculate the remainder when 35 is divided by g.
8
Let u(d) = d**3 - 4*d**2 - 2*d - 5. Let x be u(5). Suppose 29 = 3*k - 13. What is the remainder when x/(-2) - (-54 - 24/6) is divided by k?
11
Let m(n) = 51*n + 462. Calculate the remainder when m(-7) is divided by 78.
27
What is the remainder when (23/(437/(-43339)))/(-1) is divided by 2269?
12
Let b(n) = -18*n**3 + n**2 - n + 2. Suppose -249*q = -952 - 2730 - 551. What is the remainder when b(-2) is divided by q?
16
Let f = -33084 - -44458. What is the remainder when f is divided by 25?
24
Let o(v) be the first derivative of -12*v**2 - v + 246. What is the remainder when 71 is divided by o(-1)?
2
Suppose -35*f = -15524 - 19070 + 6559. What is the remainder when f is divided by 37?
24
Suppose 2*s = 0, c + 4*c - 5*s + 275 = 0. Let f = c - -67. Calculate the remainder when 177 is divided by f.
9
Let t = 1405 + -1350. Calculate the remainder when 145 is divided by t.
35
Let q(j) = 4*j**2 + 14*j + 3. Let v = 9 - 15. Calculate the remainder when q(v) is divided by 26.
11
What is the remainder when 2321 is divided by 45/((-900)/140) + (60 - 1/(-1))?
53
Suppose 671*k - 615*k = 21896. What is the remainder when k is divided by 33?
28
Let v be (-568)/(-6) + (-16)/(-12). Suppose 5*j - v = 304. Suppose -2*k + j = 3*k. What is the remainder when 63 is divided by k?
15
Suppose -2*a + 2*q = -45 + 5, 0 = -5*a - 4*q + 118. Suppose -17*x + a*x = 165. What is the remainder when 1/(3 - (-2440)/(-815)) is divided by x?
31
Suppose 51*s + 42*s = 127968. Calculate the remainder when s is divided by 7.
4
Suppose 3*q = -3*i + 5112, 2*i + 157*q - 159*q = 3444. What is the remainder when i is divided by 155?
8
Suppose -5*q - 4 = 6. What is the remainder when (-2 - -5) + q + 59 is divided by 16?
12
Let a(p) = -2*p**2 - 50*p - 217. What is the remainder when 1430 is divided by a(-7)?
30
Let o = 692 + -269. Suppose d = 10*d - o. Calculate the remainder when 92 is divided by d.
45
Suppose 4*p = -97 + 493. Let i(a) = 41*a + 375. Let f be i(-9). Calculate the remainder when 19 is divided by ((-2)/(-3))/(f/p).
8
Let d(r) = 268*r + 1029. What is the remainder when 1357 is divided by d(-3)?
7
Let p be (0 - -1) + (4 - 2). Suppose f - 36 = -p*m, -3*m + m = 5*f - 24. What is the remainder when 18*13/390 - (-454)/10 is divided by m?
10
Let i(c) = c**2 - 8*c + 4. Let g be i(7). What is the remainder when 93 is divided by -4 - 37/(-3) - (-1)/g?
5
Let m(d) = 32*d - 4. Let f be m(-2). Let z be 2 + 14/(-6) + f/(-6). What is the remainder when -57*(z/(-33) - (-1 + 2)) is divided by 26?
24
Let h be 12/8*(-48)/(-18). Suppose h*d - 34 = 4*b - 6*b, -20 = -b + d. Calculate the remainder when 52 is divided by b.
14
What is the remainder when 2364 is divided by (9*50/1575)/((-333)/336 + 1)?
28
Suppose -2*y - 1154 = -4*p, 346*p - 863 = 343*p + 2*y. What is the remainder when 18039 is divided by p?
288
Suppose 13*c + 658 = -11*c + 2194. Calculate the remainder when ((-5908)/8)/(-7) - (-1)/(-2) is divided by c.
41
Let y = 214 + -211. Suppose 0 = -b - 3, -y*o - 9*b = -5*b - 36. What is the remainder when o is divided by 9?
7
Suppose 51*v - 2248 = 16673. What is the remainder when v is divided by 109?
44
Suppose -175*k = -267*k + 3128. Calculate the remainder when 2582 is divided by k.
32
Let g = -181 - -463. Let m = -58 + g. What is the remainder when m is divided by 45?
44
Let w = 61 - 55. Calculate the remainder when w is divided by (1*(3 + -4 + 2))/1.
0
Calculate the remainder when 4*((-19)/(-2) + -9)*56 is divided by 62.
50
Let f(v) = 5*v**2 - 657*v - 310. What is the remainder when 862 is divided by f(132)?
2
Suppose -2*x - 2*l = x - 150, 4*x - 5*l - 223 = 0. Suppose -5*k + k = -x. Let d = k + 29. Calculate the remainder when d is divided by 22.
20
What is the remainder when 4938 is divided by (11 + (-1362)/(-18))*(-9)/(-6)?
128
Let l be (-4 - 1) + 24/(-1). Let x = l - -39. Calculate the remainder when 48 is divided by x.
8
Let p(v) be the second derivative of 51*v**5/20 - v**4/12 - 35*v**3/6 + 18*v**2 - 3*v + 27. What is the remainder when 144 is divided by p(1)?
42
Suppose 28 = 4*n - 2*h, 4*h + 23 - 9 = 2*n. Suppose 24 = -n*c + 13*c. Calculate the remainder when 30 is divided by c.
2
Suppose 604 = 31*g - 822. What is the remainder when 133 is divided by g?
41
Suppose -24